1 - 45 = -3*w. What is the highest common divisor of 298 and p?
2
Let b be 3*(3/3)/((-17)/(-2839)). Calculate the greatest common divisor of b and 9.
3
Suppose 3*z + 220 = -2*j, 0*j + 232 = -3*z + j. Let t be -4 - z - 1 - (-2 - 3). Calculate the greatest common divisor of 19 and t.
19
Let d(c) = -c**2 - 32*c - 196. Let n be d(-20). Suppose -5*t - 2*h + 3 = 0, 17 = -5*t + 3*h - 0. Let s = t - -5. What is the highest common divisor of s and n?
4
Let d be 10/4*(-24)/(-30). Suppose 3*o - 244 = -d*q, -3 = 5*q - 13. Suppose -6*v = 20*v - 520. What is the greatest common factor of o and v?
20
Suppose 4*s - 2020 = -s. Let c be (-14)/35 - s/(-10). Suppose 7*h - 5*h - 16 = 0. Calculate the highest common divisor of c and h.
8
Suppose -22*p + 110402 - 15956 = 0. Calculate the greatest common divisor of p and 106.
53
Let v(l) = -31*l - 639. Let n be v(-21). Let m = -45 + 334. Suppose -4*q - 320 = -4*y, 4*y + 3*q = 59 + m. What is the greatest common factor of y and n?
12
Suppose 4*b = 4, 0*o - 3*o - 349 = 2*b. Let g be (-1*(o + 4))/1 + 1. What is the greatest common divisor of g and 513?
57
Let d(c) = 3*c**2 - 47*c + 286. Let z be d(8). What is the highest common divisor of 2924 and z?
34
Let o = 395 + -355. Suppose m + 38 = f - 16, -5*m - 42 = -f. Suppose 2*u + 3*t = -2*t + f, -2*u + 42 = 2*t. What is the greatest common divisor of o and u?
8
Let c(a) = -4*a**3 - 4*a**2 + 4*a + 5. Suppose -k + 11*w - 10*w = -2, 5*w = k - 18. Let p be c(k). Calculate the greatest common divisor of p and 377.
13
Let f be ((-4)/(-3))/4*0. Let q = f - -11. Calculate the highest common factor of q and 484.
11
Let s be 26950/2 + (34 - 45). What is the highest common divisor of 24 and s?
24
Let w = 12262 - 11976. What is the greatest common divisor of w and 1898?
26
Suppose -4*p - 232 = -2*k, 0 = -4*k - 2*p + 74 + 450. Calculate the highest common divisor of k and 608.
32
Suppose 0 = 23*k - 61 - 54. Let b = -2 + 2. Suppose b = -4*g + o + 8, k*g = -0*g - 4*o + 31. Calculate the highest common factor of g and 6.
3
Let s = 13715 - 13231. What is the highest common divisor of s and 14278?
242
Let h = 2366 - 1630. Calculate the greatest common factor of 460 and h.
92
Let u = 7217 - 5957. What is the highest common divisor of 18 and u?
18
Suppose -2*j + 452*p = 455*p - 9973, -24965 = -5*j - p. What is the highest common divisor of 22 and j?
22
Let o(h) = h**3 + 10*h**2 - 6*h + 9. Let m be o(-10). Let n = -56 + 80. Suppose 0 = 4*r - n - 160. What is the greatest common factor of r and m?
23
Suppose 2*k = 3*j - 281, -7 = 2*j + 3. Let p be k/(-18) - (-38)/(-171). Calculate the greatest common factor of 20 and p.
4
Let v be 1*(-5)/(-20) + 165/12. Suppose -3*b = -4*k + 22, 4*k - 33 = 4*b - 9. Let f be 0/(-3) + b + 156. Calculate the greatest common divisor of f and v.
14
Suppose 0 = -y + 2*w + 35, -4*y + y + 4*w = -95. Let n(s) = 5*s**2 - 23*s + 65. Let j be n(12). Let q = j + -284. What is the highest common divisor of q and y?
25
Let r(q) = q**2 + 13*q - 6. Suppose 4*x + 10 = -186. Let m = 35 + x. Let b be r(m). Calculate the greatest common factor of 24 and b.
8
Let g(f) = f**3 - 55*f**2 - 115*f + 209. Let b be g(57). Calculate the highest common factor of 244 and b.
4
Suppose 67 = 3*u - y, -8*u - 15*y = -18*y - 177. What is the highest common divisor of u and 1208?
8
Suppose -4*z + 5092 = 5*n - 844, -n + 1168 = -4*z. Suppose -8*g = -34*g + 258 + 574. What is the highest common factor of n and g?
32
Let q = 72 - 1619. Let h be (-56)/(-42) + q/(-3). What is the greatest common divisor of h and 47?
47
Suppose -4*w = -w - 45. Let d be (4 - 2/1) + 1. Suppose 2*u + 4*o = 4, 0*u + o - 16 = -d*u. What is the greatest common factor of w and u?
3
Suppose 0 = 88*o + 108*o - 2384536. What is the highest common factor of o and 14?
14
Let s be (-240)/14 + (-2)/(-14). Let q be (-30)/90 + (-13)/(-3) - s. Calculate the highest common divisor of 21 and q.
21
Let n = -9676 - -9721. Calculate the greatest common divisor of 355 and n.
5
Let n be 234/((-1)/1) - 1*2. Let t = -116 - n. Calculate the highest common factor of 200 and t.
40
Let w(k) = -389*k + 37356. Let l be w(96). Let m be (376/5)/((-6)/(-45)). What is the greatest common factor of m and l?
12
Suppose j = -2*f + 5, -2*j + 13 = 4*f - 3*j. Suppose f*t = 89 - 8. What is the greatest common divisor of t and 297?
27
Suppose -3*t + 56 = t. Let d be (-16 + 4)*8/12. Let b(l) = l**3 + 9*l**2 + 6*l - 2. Let u be b(d). What is the highest common factor of t and u?
14
Suppose -155 = -5*c + 25. Let n be (63/(-36))/((-1)/c). What is the greatest common divisor of 9 and n?
9
Let l = -258 + 270. Suppose -4*b = -52 + l. Let f(w) = w**3 + 7*w**2 + 7*w. Let u be f(-5). Calculate the greatest common divisor of u and b.
5
Suppose 0 = q - 5*y - 356, 11*y = 4*q + 8*y - 1407. Calculate the greatest common factor of 208 and q.
13
Suppose 50*a = -29*a + 43*a + 141984. Calculate the greatest common factor of a and 377.
29
Let t(u) = -19*u + 14. Let i be t(-6). What is the greatest common divisor of 4384 and i?
32
Suppose -2*w = 5*u - 10, 0*w = u - w + 5. Suppose -8*j - b = -3*j - 113, 2*j - 4*b - 54 = u. What is the greatest common factor of j and 184?
23
Let a = 163 - 156. Let y be 145/a*1 + (-6)/(-21). Calculate the highest common divisor of 105 and y.
21
Suppose 16 = 7*v - 3*v. Suppose -32*b + 4*s = -37*b + 2532, 0 = -v*b - 3*s + 2025. What is the greatest common divisor of 56 and b?
56
Suppose 227*y + 3584 = 235*y. Calculate the greatest common factor of y and 576.
64
Suppose 48263 = -42*b + 59*b. Calculate the highest common divisor of 68 and b.
17
Let c = 17 - -121. Let q = c + -104. What is the highest common factor of q and 17?
17
Suppose 64*l - 9257 = 10263. Calculate the highest common factor of 125 and l.
5
Let s = -3418 - -4353. What is the greatest common factor of 1360 and s?
85
Let p = 17014 - 9844. Calculate the greatest common factor of 30 and p.
30
Suppose -5*r + 48 + 38 = -2*v, 2*v = -3*r - 54. Suppose -u + 4 = -5. Let m = u - v. What is the highest common factor of m and 6?
6
Suppose 4*v - 2*l = -0*l + 584, -l - 588 = -4*v. Suppose -v + 16 = -4*x. Suppose -5*c + x = -32. What is the highest common factor of c and 13?
13
Let n = -8 + 11. Let l = 42 - 51. Let f be 1/(n/l) - -68. What is the highest common factor of f and 13?
13
Suppose 3*z = o - 249, 4*o + 3*z - 2*z - 1022 = 0. Let m(r) = 6*r**2 + 5371*r + 26756. Let p be m(-5). What is the highest common factor of o and p?
51
Let x be (968/(-242))/(24/(-18)). Let i = -2 + 8. What is the highest common divisor of x and i?
3
Suppose -3*a + 1764 = 4*r - 2570, r - a = 1094. What is the highest common factor of r and 80?
16
Let p(w) = w**2 - 9*w + 16. Let g be p(7). Suppose 3*m = -4*i + 470, g*m - 240 = i + 88. What is the greatest common divisor of m and 18?
18
Suppose -29*s - 6439 + 19353 = -13215. Calculate the highest common divisor of s and 187.
17
Let x be 2/7 + (-410)/(-35). Suppose -c - 4*p - p + x = 0, 0 = -2*c + p + 2. Suppose -2*t + 15 = 11. Calculate the highest common divisor of t and c.
2
Suppose 0 = -2*p, 342*d - 347*d + 4*p = -255. What is the highest common factor of d and 15?
3
Suppose -2*v = -24 + 10. What is the greatest common factor of 2464 and v?
7
Let i(u) = -21*u**2 + 2*u - 3. Let h be i(2). Let x(g) = -2*g**2 - 9*g - 8. Let k be x(-9). Let w = h - k. Calculate the highest common factor of 21 and w.
3
Let d(l) = l**2 + 2*l - 17*l - 17 - 3*l. Let j be d(19). Suppose 9*s = j*s + 154. What is the highest common divisor of s and 11?
11
Let f be 2/(-24)*-7658 + (-5)/30. Suppose -7*p = 4*p - f. What is the highest common factor of 2 and p?
2
Suppose -10*n - 4*n = -2856. Calculate the highest common divisor of n and 1176.
12
Suppose -30*i = -21*i - 1188. Let l(o) = -6*o + 5. Let f be l(-2). Suppose -19 - f = -3*t. Calculate the highest common divisor of t and i.
12
Let z(f) = -f + 1. Let b be z(5). Let l be 47 + -1 - (3 - b/4). Let y(g) = -g. Let m be y(-6). Calculate the greatest common factor of l and m.
6
Let w = -305 - -310. Suppose -320 = w*r - 1145. What is the highest common factor of r and 275?
55
Suppose -n - 4*z - z = -2100, 5*n - 10396 = z. Suppose n = 7*h + 9*h. What is the greatest common factor of 10 and h?
10
Let b be (-3)/18 + 3829/42. Suppose 0 = 87*s - 91*s + 104. 